 11
14
What is -7 (base 10) in base 14?
-7
21 (base 9) to base 13
16
What is -c (base 15) in base 13?
-c
What is 212 (base 4) in base 14?
2a
What is -64 (base 8) in base 9?
-57
0 (base 8) to base 11
0
23 (base 15) to base 9
36
Convert -100011 (base 2) to base 6.
-55
Convert 17 (base 10) to base 4.
101
Convert -2112 (base 3) to base 16.
-44
What is 5 (base 13) in base 6?
5
What is -41 (base 5) in base 10?
-21
What is -8 (base 11) in base 9?
-8
What is -30 (base 6) in base 10?
-18
What is -14 (base 6) in base 9?
-11
What is 0 (base 14) in base 9?
0
4 (base 15) to base 12
4
Convert 5 (base 10) to base 11.
5
What is 4 (base 8) in base 15?
4
Convert 1 (base 2) to base 3.
1
-541 (base 7) to base 4
-10102
What is -135 (base 6) in base 11?
-54
What is 6 (base 16) in base 7?
6
1325 (base 6) to base 5
2331
Convert 4 (base 9) to base 15.
4
Convert 8 (base 16) to base 4.
20
Convert 12 (base 9) to base 16.
b
Convert -a (base 11) to base 9.
-11
Convert -7 (base 16) to base 8.
-7
0 (base 4) to base 13
0
Convert -3 (base 4) to base 3.
-10
What is 0 (base 12) in base 4?
0
-33 (base 12) to base 3
-1110
Convert 33 (base 10) to base 15.
23
Convert -30 (base 4) to base 7.
-15
What is 1000 (base 4) in base 5?
224
-6 (base 9) to base 2
-110
Convert -20 (base 10) to base 14.
-16
What is -c9 (base 13) in base 15?
-b0
What is 41 (base 5) in base 10?
21
What is 214 (base 9) in base 11?
14a
-30 (base 6) to base 8
-22
What is -100 (base 2) in base 11?
-4
-4 (base 7) to base 3
-11
What is 11 (base 16) in base 10?
17
78 (base 13) to base 16
63
What is -3 (base 12) in base 6?
-3
-133 (base 4) to base 8
-37
What is -3 (base 6) in base 9?
-3
Convert -3 (base 5) to base 13.
-3
Convert -98 (base 10) to base 2.
-1100010
Convert -21 (base 8) to base 5.
-32
Convert -32 (base 12) to base 14.
-2a
Convert -1 (base 14) to base 11.
-1
What is 13 (base 4) in base 15?
7
Convert 10100 (base 2) to base 14.
16
What is -3 (base 11) in base 14?
-3
-10 (base 2) to base 5
-2
Convert 300 (base 6) to base 4.
1230
-126 (base 10) to base 4
-1332
12 (base 3) to base 6
5
-5 (base 13) to base 16
-5
Convert -6 (base 16) to base 6.
-10
Convert 4 (base 6) to base 3.
11
Convert -106 (base 13) to base 5.
-1200
What is 152 (base 7) in base 16?
56
What is 69 (base 11) in base 3?
2210
-2 (base 7) to base 10
-2
Convert 437 (base 8) to base 15.
142
11 (base 2) to base 10
3
Convert 1100111 (base 2) to base 10.
103
1000 (base 2) to base 6
12
-112 (base 6) to base 14
-32
101111 (base 2) to base 11
43
What is -13 (base 8) in base 11?
-10
-32 (base 10) to base 14
-24
Convert 1011 (base 2) to base 8.
13
Convert -16a (base 12) to base 2.
-11100010
4 (base 6) to base 13
4
What is -1 (base 3) in base 16?
-1
What is 3 (base 6) in base 9?
3
What is a (base 16) in base 5?
20
Convert -312 (base 5) to base 4.
-1102
-1a (base 13) to base 8
-27
What is 26 (base 9) in base 11?
22
What is -10 (base 15) in base 13?
-12
What is 18 (base 13) in base 8?
25
Convert 2140 (base 5) to base 7.
601
124 (base 5) to base 4
213
Convert 31 (base 11) to base 4.
202
-12102 (base 3) to base 15
-9b
What is -4 (base 14) in base 5?
-4
-11 (base 3) to base 7
-4
33 (base 13) to base 10
42
Convert -3 (base 11) to base 8.
-3
-52 (base 6) to base 8
-40
Convert -1 (base 3) to base 11.
-1
-10211 (base 3) to base 5
-403
Convert 6 (base 9) to base 11.
6
What is -140 (base 8) in base 11?
-88
Convert 4b (base 16) to base 15.
50
-25 (base 9) to base 5
-43
Convert -2 (base 6) to base 9.
-2
Convert 6 (base 15) to base 14.
6
0 (base 4) to base 15
0
2 (base 8) to base 16
2
Convert 27 (base 9) to base 15.
1a
-3 (base 5) to base 16
-3
What is 0 (base 13) in base 3?
0
Convert 3 (base 8) to base 3.
10
-2 (base 10) to base 13
-2
Convert 4 (base 10) to base 3.
11
What is -12102 (base 3) in base 2?
-10010010
-101111 (base 2) to base 14
-35
334 (base 6) to base 13
a0
5 (base 13) to base 15
5
-20 (base 6) to base 14
-c
Convert 14 (base 7) to base 8.
13
What is -223 (base 4) in base 7?
-61
3 (base 16) to base 12
3
33 (base 10) to base 9
36
33 (base 7) to base 3
220
Convert 14 (base 8) to base 7.
15
What is -44 (base 6) in base 10?
-28
7 (base 15) to base 14
7
Convert -111 (base 2) to base 13.
-7
What is 2 (base 8) in base 7?
2
-22 (base 5) to base 6
-20
Convert 208 (base 12) to base 5.
2141
What is -202 (base 3) in base 10?
-20
244 (base 5) to base 16
4a
What is 5 (base 11) in base 15?
5
11 (base 2) to base 12
3
Convert -51 (base 8) to base 13.
-32
3 (base 4) to base 7
3
Convert -4 (base 14) to base 5.
-4
What is 11 (base 2) in base 11?
3
What is -112 (base 4) in base 6?
-34
1 (base 16) to base 8
1
What is 54 (base 14) in base 7?
134
What is 11 (base 7) in base 5?
13
Convert 51 (base 6) to base 13.
25
What is 2 (base 13) in base 15?
2
What is 255 (base 8) in base 9?
212
Convert -3 (base 9) to base 2.
-11
What is -404 (base 6) in base 14?
-a8
What is -1 (base 3) in base 16?
-1
Convert -3f (base 16) to base 13.
-4b
Convert 19 (base 14) to base 2.
10111
203 (base 5) to base 8
65
What is -19 (base 14) in base 10?
-23
What is 4 (base 13) in base 3?
11
-142 (base 11) to base 6
-435
110 (base 10) to base 11
a0
Convert -10201 (base 3) to base 6.
-244
Convert -3 (base 12) to base 5.
-3
Convert -6 (base 15) to base 7.
-6
18 (base 15) to base 10
23
Convert -30 (base 5) to base 9.
-16
-2 (base 13) to base 2
-10
Convert -127 (base 8) to base 9.
-106
What is -1213 (base 5) in base 12?
-133
5 (base 8) to base 9
5
-8 (base 10) to base 13
-8
What is -1000111 (base 2) in base 14?
-51
Convert -11 (base 6) to base 5.
-12
Convert 12 (base 7) to base 13.
9
-13 (base 13) to base 10
-16
Convert a (base 11) to base 13.
a
Convert -7 (base 8) to base 13.
-7
-1010110 (base 2) to base 15
-5b
52 (base 13) to base 3
2111
Convert 110110 (base 2) to base 15.
39
What is -7 (base 15) in base 8?
-7
-234 (base 5) to base 10
-69
What is -222 (base 4) in base 13?
-33
1 (base 12) to base 15
1
What is -2 (base 3) in base 5?
-2
Convert 10 (base 5) to base 6.
5
What is -1 (base 11) in base 8?
-1
3 (base 8) to base 11
3
What is -101 (base 7) in base 8?
-62
What is -2 (base 16) in base 7?
-2
Convert 2e (base 16) to base 13.
37
-113 (base 4) to base 3
-212
1 (base 13) to base 3
1
What is 11 (base 8) in base 6?
13
Convert -1a (base 12) to base 13.
-19
0 (base 12) to base 3
0
What is 10 (base 4) in base 14?
4
What is -11000 (base 2) in base 12?
-20
-78 (base 9) to base 2
-1000111
What is 14 (base 6) in base 10?
10
What is 17 (base 12) in base 8?
23
Convert 0 (base 11) to base 16.
0
Convert 0 (base 11) to base 9.
0
Convert 28 (base 13) to base 12.
2a
Convert 4 (base 11) to base 8.
4
Convert -45 (base 14) to base 3.
-2021
What is 5b (base 13) in base 16?
4c
What is -133 (base 4) in base 16?
-1f
-5 (base 16) to base 14
-5
Convert 19 (base 14) to base 5.
43
What is -13 (base 5) in base 3?
-22
What is -3 (base 9) in base 15?
-3
Convert 0 (base 13) to base 11.
0
100001 (base 2) to base 9
36
3101 (base 4) to base 5
1314
Convert -1 (base 2) to base 13.
-1
-3 (base 11) to base 6
-3
10011 (base 2) to base 14
15
3 (base 14) to base 16
3
Convert 4 (base 16) to base 11.
4
127 (base 8) to base 4
1113
-38 (base 13) to base 15
-32
What is -102 (base 8) in base 14?
-4a
What is -1100 (base 3) in base 10?
-36
Convert 12 (base 9) to base 11.
10
-11 (base 7) to base 5
-13
Convert -4f (base 16) to base 2.
-1001111
What is -11 (base 15) in base 4?
-100
Convert -100 (base 3) to base 10.
-9
1 (base 2) to base 12
1
What is 4 (base 10) in base 13?
4
52 (base 7) to base 3
1101
106 (base 11) to base 13
9a
-14a (base 11) to base 9
-214
3 (base 8) to base 4
3
-70 (base 8) to base 4
-320
What is -11 (base 9) in base 5?
-20
Convert -3 (base 14) to base 6.
-3
Convert 100 (base 2) to base 8.
4
What is 1230 (base 4) in base 3?
11000
Convert -3 (base 13) to base 15.
-3
Convert -a (base 13) to base 8.
-12
Convert -1000 (base 3) to base 14.
-1d
Convert 24 (base 15) to base 16.
22
11111001 (base 2) to base 3
100020
1 (base 14) to base 5
1
Convert 1 (base 11) to base 3.
1
-135 (base 6) to base 11
-54
What is 100 (base 6) in base 2?
100100
What is 222 (base 5) in base 15?
42
What is 0 (base 2) in base 11?
0
What is -12 (base 3) in base 11?
-5
What is -12 (base 12) in base 16?
-e
What is -28 (base 11) in base 8?
-36
Convert -37 (base 8) to base 10.
-31
What i